- v = 0. Suppose -3*m = -j + 12, 4*j - 26 = -m + b*m. What is the units digit of j?
6
Let v(j) = 2*j**2 - j + 2. Let o be v(-2). Suppose -4*c + o = -c. Suppose -32 = -c*x + 4*t, x = 5*x - 5*t - 36. What is the units digit of x?
4
Suppose q - 8 = -3*q. Suppose -5*u - 31 = -2*a, 0*a - a + q = 2*u. What is the units digit of a?
8
Let v(j) be the first derivative of -j**3/3 + j**2 + 23*j + 7. What is the tens digit of v(0)?
2
Let l = 25 - -4. What is the units digit of l?
9
Let o = -413 - -586. What is the tens digit of o?
7
Let a = -72 + 153. What is the units digit of a?
1
Suppose -2*m = 4*y - 2, -2*y = 3*y. Let w = m + 22. What is the units digit of w?
3
What is the units digit of (77/22)/((-1)/(-2))?
7
Let d be -5 + -1 - -3 - -8. Suppose -3*y + d*o + 88 = -31, y - 41 = o. What is the units digit of y?
3
Let k(d) = 11*d**2 + d + 1. What is the units digit of k(3)?
3
Suppose 165 = 9*c - 4*c. Suppose 3*m = 15 + c. What is the units digit of m?
6
Let z(l) = -3*l + 3*l + l**2 + 4 + l. What is the units digit of z(0)?
4
Suppose 0 = -5*y - 0*w - 2*w + 50, -3*y + 30 = -2*w. Suppose -d - 5*c + 37 - y = 0, 13 = -d + 3*c. What is the units digit of d?
2
Let j(b) = b**2 + 4*b - 8. Let t be j(-7). Suppose -y + 13 = -4*g + 2*y, -y - t = 3*g. Let z = 7 + g. What is the units digit of z?
3
Let v = 4 + -4. Suppose v = p - 4 - 5. What is the units digit of (-302)/(-18) - (-2)/p?
7
Let y(a) be the first derivative of -a**2 - 2*a + 6. Let r(c) = -c + 2. Let m be r(6). What is the units digit of y(m)?
6
Suppose -3*w + 16 - 1 = 0. Suppose w = m - 0. What is the units digit of m?
5
Let i(u) = -u**3 + 5*u**2 + 2*u + 1. Let c be i(5). Let n(x) = 3*x - 27. What is the units digit of n(c)?
6
Let z be 16/(-20)*10/(-4). Suppose -a - z*a = 4*p - 30, 21 = 5*a - 3*p. Suppose h + 2*h - a = 0. What is the units digit of h?
2
Let o = 45 - 42. What is the units digit of o?
3
What is the units digit of 145 - ((-10)/(-2))/(-1)?
0
Let z(i) be the third derivative of i**5/30 + 13*i**4/24 + 3*i**3/2 - i**2. What is the units digit of z(-6)?
3
Suppose -5*d = 8 + 7, -5*d = 3*x - 225. What is the tens digit of x?
8
Suppose -3*v = -3*l + 33, 5 = l + v - 12. What is the tens digit of l?
1
Let q(f) = f**2 - 15*f + 29. What is the tens digit of q(15)?
2
Let f be (1 + 0 - 1)/1. Let k be 1 + (-1 + f - -3). Suppose k*g = -2*g + 45. What is the units digit of g?
9
Let q be (3 + (-3)/(-3))/2. Suppose z + 2*z = -2*r - 13, -5*r - q*z - 16 = 0. What is the units digit of r*(-1 - 1/2)?
3
Let d = -4 - -8. Suppose -2*f + d*f = 20. What is the tens digit of f?
1
Let x(s) = 2*s - 2. Suppose -4 = -4*g - 0. Suppose 7 = 2*q - g. What is the units digit of x(q)?
6
Let t be (-6)/4*(-20)/15. Let u(z) = -z**3 + 0*z**2 + z + z**t + z. What is the units digit of u(-2)?
8
Suppose -17 = -w - h, 4*w - 7*w + 57 = 5*h. What is the units digit of w?
4
Suppose 5*m - n = -0*m + 19, -n = 2*m - 2. Suppose -4*h = -m*h - 1. What is the units digit of h?
1
Suppose -8 = -d + 3. What is the tens digit of d?
1
Let h(l) = 4*l. Let j be h(2). Suppose 3*g + 3*q - 2 = 133, 3*g - q - 131 = 0. What is the units digit of j/12 + g/6?
8
Let y = -3 + 3. Suppose 5*p + 20 = -0*p + 3*g, y = 4*g - 20. Let i(j) = -6*j. What is the units digit of i(p)?
6
Let q(a) = -3 + 6*a**2 + 4 + 3 - 4*a**2 - a**3 + 2*a. What is the units digit of q(3)?
1
Let z = 3 - -1. Suppose 0 = 3*i + z + 14. What is the units digit of 6/9 - 38/i?
7
Suppose -4*t - 11 = -5*l, 0 = -3*t + 3. Let p = l - 1. What is the units digit of p?
2
Suppose 5*n + 0*n = 10. Suppose -18 = u - n*u + 3*i, -5*i = -3*u + 66. What is the tens digit of u?
2
Let w = -18 - -26. What is the units digit of w?
8
Let b(p) = p - 1. Let r be b(-4). Let w = r + 3. What is the units digit of w + 3 + -2 + 8?
7
Let x(q) be the second derivative of q**4/6 - q**3/6 - 3*q**2/2 - 6*q. Suppose -6*u + 4*u + 6 = 0. What is the units digit of x(u)?
2
Suppose -y - 5*s + 30 = 0, -2*y + 2*s + 3*s = 0. Let g = 3 + y. What is the units digit of g?
3
Suppose 4*q - 15 = 45. What is the units digit of ((-12)/q)/(6/(-45))?
6
Let x be ((-9)/45)/(2/(-10)). Let d = x - -7. What is the units digit of d?
8
Suppose 4 + 6 = s. Let k be 58/s - (-4)/20. Suppose 0 = -d + 2*n + 4, -5*d = -0*d + 4*n - k. What is the units digit of d?
2
Let n(z) = z**3 - 9*z**2 + 11*z - 7. Suppose 4*x - 41 + 9 = 0. What is the tens digit of n(x)?
1
Let o be 3/3*-1 - -5. Suppose 4*i - 40 = -0*i. Suppose 4*w - 7 = 3*w - o*m, 4*w - 2*m - i = 0. What is the units digit of w?
3
Suppose -45 = -0*z - z. Let b = z + -30. Suppose 3*p = 2*l + 14, 0 = -2*p + 4*l + 5 + b. What is the units digit of p?
2
Suppose -3*t + 4*t = 0. Suppose 0 = -t*b - 2*b + 28. Suppose 2*y + 2 = b. What is the units digit of y?
6
Let x(o) = -o**3 - 7*o**2 + 5*o - 7. Let s be x(-8). Suppose 5 = -j + s. What is the tens digit of j?
1
Let q(c) = -2*c**3 - 2*c**2 + c + 1. Let x be q(-2). Let y be (8/6)/(1/(-3)). Let d = y + x. What is the units digit of d?
3
Let a(w) = 10*w**3 - 2*w - 1. Let x be a(-1). Let s(j) = -14*j**3 + 2*j**2 + 2*j + 1. Let o be s(-1). Let z = o + x. What is the units digit of z?
6
Let p(g) = 2*g**3 - g**2 + 2. What is the tens digit of p(3)?
4
Suppose 5*t + 2*l = 23, -5*t + 4*l - 1 = -0*t. Suppose t*x - x = -s + 22, -s + 22 = 3*x. What is the units digit of s?
2
Suppose 0 = 4*r - l + 25, -8 = 2*r + 4*l - 0. What is the tens digit of (-165)/(-9) - 4/r?
1
Suppose -2*x - 5 - 1 = 0. What is the units digit of (4/x - -2)*3?
2
What is the tens digit of (1 - (-810)/4)*2?
0
Suppose 3*x = -2*x + 10. Suppose -5*b = -x*s - 22, -7 = -0*s + 3*s - b. What is the units digit of -2*(-4 - (s - -2))?
0
Let m be (-2 + (9 - 1))/1. Let g be ((-9)/3)/(m/4). What is the units digit of (g - -8)*12/9?
8
Let n(u) = -u**3 + u**2 - u + 1. Let t be n(1). Suppose -4*v + 2*a + 3*a = -12, -2*v + 5*a - 4 = t. What is the units digit of v?
8
Let s = -17 - -25. What is the units digit of s?
8
Let n(u) be the second derivative of -u**3/6 - u**2/2 - 2*u. Let z(g) = 6*g + 11. Let c(d) = -22*n(d) - 2*z(d). What is the tens digit of c(1)?
1
Suppose 5*r = z + 230, -2*r + 2*z = -6*r + 198. What is the tens digit of r?
4
Let o = -3 - -4. Let m be 8/o - 4/(-4). What is the units digit of (-12)/6*m/(-2)?
9
What is the units digit of (-3)/1 + 17 + -1?
3
Let m(t) be the first derivative of -t**2/2 - 3*t - 1. Let r be m(-4). What is the units digit of ((-4)/(-1))/(2 - r)?
4
Let p(d) = -d + 2. Let c be p(-2). Let k = 4 + 12. What is the units digit of k - c*1/(-2)?
8
Let m(d) = -d + 41. What is the units digit of m(-19)?
0
Let v = 1 + 1. Let f(t) = -2*t - 2. Let y be f(-2). Suppose -5*c + 4*u = -10, u = -v*c + 2 + y. What is the units digit of c?
2
Let x = 28 + 35. What is the tens digit of x?
6
Suppose -1 = -4*j + 23. Suppose -3*h - 3 = 6. Let u = j - h. What is the units digit of u?
9
Let m = 2 + 0. Suppose 0 = -6*n + m*n + 8. What is the units digit of n?
2
Suppose -20 = -3*x + 142. What is the tens digit of x?
5
Let j = -1 - 6. Let z(o) = -5*o + 9 + 7*o + o**2 + 0*o**2 + 5*o. What is the units digit of z(j)?
9
Let l(u) = -u - 5. Let f be l(-8). Let b(q) = -q**3 + 6*q**2 + 6*q + 2. Let m be b(7). Let h = f - m. What is the units digit of h?
8
Let p(l) be the first derivative of 2*l**2 - 3*l - 1. Let y = -4 + 6. What is the units digit of p(y)?
5
Let i(q) = -q - 4. Let w be i(-5). Suppose u - 7 = -5*r, 0 = 2*r + 2*u - w + 3. Suppose -r*d + 3*l = -34, 4*d + 0*l + 5*l - 68 = 0. What is the tens digit of d?
1
Let h be 2 + 11/1*-1. Let f be 4/18 + (-142)/h. Let o = f - 1. What is the tens digit of o?
1
Let r = 460 + -184. What is the units digit of r?
6
Let k(q) = q**3 - 2*q**2 + 2*q. What is the units digit of k(5)?
5
Let x(s) = -1 + 3*s + 5*s - s**2 - s. Suppose 0 = q - 8 + 2. What is the units digit of x(q)?
5
Suppose 2*m = -2*u + 88, -2*m + 0*u + 81 = -5*u. What is the tens digit of m?
4
Let f(q) = 0*q**2 - 4*q + q + 3 + 0 + q**2. What is the units digit of f(6)?
1
Suppose 0 = 5*c - 23 - 167. What is the units digit of c?
8
Let t(a) = a**3 + 8*a**2 + 7*a. What is the tens digit of t(-6)?
3
Let q be (-6)/4*58*-1. Let v = 130 - q. What is the tens digit of v?
4
Suppose 2*d - 10 = -3*d. Suppose -x + 13 = 5*b, 3*b + d = -1. What is the tens digit of x?
1
Suppose -3*c = 5*a - 7 - 0, -2*c + 4*a = -12. What is th